
Does 3 divide 22481856?
True
Is 190250467 a multiple of 17?
False
Is 17510595 a multiple of 15?
True
Is 8 a factor of 110776327?
False
Is 54 a factor of 127848618?
True
Does 8 divide 293602986?
False
Is 55320387 a multiple of 58?
False
Is 15 a factor of 10782015?
True
Does 112 divide 45912272?
True
Is 108 a factor of 11242112?
False
Does 27 divide 246056373?
True
Does 661 divide 1018270117?
False
Does 79 divide 5091629?
True
Is 15 a factor of 4671715863?
False
Is 11243520 a multiple of 732?
True
Is 178 a factor of 458098842?
True
Is 172 a factor of 6767819?
False
Is 1121 a factor of 79353193?
False
Is 414868698 a multiple of 20?
False
Is 1006364 a multiple of 101?
True
Does 850 divide 779409200?
True
Does 6 divide 1804772?
False
Does 2331 divide 271027181?
False
Does 3625 divide 891543375?
True
Is 50 a factor of 762701400?
True
Does 177 divide 1330155?
True
Is 5518288 even?
True
Does 9 divide 8448611?
False
Is 161 a factor of 36087918?
False
Does 4489 divide 3839423744?
True
Is 70379199 a multiple of 274?
False
Is 8053378 a multiple of 340?
False
Is 103133234 a multiple of 372?
False
Is 128 a factor of 701414144?
True
Is 487181225 a multiple of 23?
False
Does 4344 divide 427553693?
False
Is 613 a factor of 154260991?
False
Is 31376924 a multiple of 557?
True
Is 76971393 a multiple of 51?
True
Does 7 divide 56778856?
False
Is 2517767 a multiple of 428?
False
Is 60448101 a multiple of 19?
True
Does 9 divide 172287050?
False
Does 142 divide 1049916476?
True
Does 3731 divide 5238387427?
True
Is 108 a factor of 341384112?
True
Does 65 divide 14257337?
False
Is 12 a factor of 27255456?
True
Is 178497520 a multiple of 40?
True
Is 376 a factor of 2595367072?
True
Does 903 divide 8931573?
True
Is 51925484 a multiple of 868?
False
Is 52 a factor of 102710712?
True
Is 2728 a factor of 586217192?
True
Is 123 a factor of 43983816?
True
Is 58873860 a multiple of 30?
True
Is 375 a factor of 4890750?
True
Does 336 divide 91833521?
False
Is 599888502 a multiple of 31?
True
Is 596060637 a multiple of 148?
False
Does 65 divide 144203548?
False
Is 82 a factor of 65647525?
False
Is 43 a factor of 22358194?
True
Is 33 a factor of 586197221?
False
Does 79 divide 153003566?
True
Is 1803096972 a multiple of 284?
True
Is 41 a factor of 670379130?
False
Is 7 a factor of 174586559?
True
Is 1011869914 a multiple of 14?
False
Does 9 divide 1742958?
True
Does 516 divide 69330276?
True
Is 102203600 a multiple of 40?
True
Does 3847 divide 4157804397?
False
Is 356 a factor of 5587931572?
True
Does 23 divide 19328277?
False
Does 654 divide 2645115?
False
Is 133484028 a multiple of 194?
True
Is 12830258 a multiple of 178?
False
Does 15 divide 1897181654?
False
Is 387 a factor of 49609143?
True
Is 6 a factor of 42684705?
False
Is 624 a factor of 45359184?
True
Is 1080814465 a multiple of 4?
False
Is 782221821 a multiple of 167?
True
Is 68941656 a multiple of 4556?
False
Is 3867303326 a multiple of 811?
False
Is 47 a factor of 270224873?
False
Is 214828446 a multiple of 23?
False
Does 41 divide 16469905?
True
Is 23447680 a multiple of 170?
False
Does 139 divide 970017?
False
Is 10 a factor of 337041702?
False
Is 7 a factor of 194161051?
True
Does 28 divide 1227523222?
False
Is 60 a factor of 1222449960?
True
Does 883 divide 2575878770?
True
Does 244 divide 1967752152?
True
Is 1525012110 a multiple of 269?
True
Does 49 divide 461507826?
False
Is 160188952 a multiple of 8?
True
Does 11 divide 429551188?
True
Does 198 divide 145754695?
False
Does 70 divide 5109510?
True
Is 771 a factor of 200940876?
False
Is 174 a factor of 1178045774?
False
Is 7436199 a multiple of 35?
False
Is 128289734 a multiple of 2011?
True
Is 465579805 a multiple of 205?
True
Does 181 divide 236643554?
False
Does 517 divide 713938225?
True
Does 245 divide 722558900?
True
Is 1404887 a multiple of 486?
False
Is 97642 a multiple of 15?
False
Is 15 a factor of 45758716?
False
Is 58 a factor of 16254152?
True
Does 82 divide 93101141?
False
Is 101620740 a multiple of 494?
True
Is 141 a factor of 37137706?
False
Does 146 divide 81368292?
False
Is 282810947 a multiple of 778?
False
Does 616 divide 101206336?
True
Is 1776 a factor of 1524997920?
True
Does 4 divide 11776184?
True
Does 3242 divide 24968739?
False
Is 258317665 a multiple of 1204?
False
Is 670096131 a multiple of 68?
False
Is 165820317 a multiple of 50?
False
Does 40 divide 564768120?
True
Does 19 divide 27571823?
False
Is 272 a factor of 56973607?
False
Does 34 divide 667083967?
False
Does 56 divide 725549288?
False
Is 53679979 a multiple of 16?
False
Is 33 a factor of 8651940?
True
Does 154 divide 4133406?
False
Is 5122746 a multiple of 306?
True
Is 117038797 a multiple of 2?
False
Is 45 a factor of 28144735?
False
Is 17 a factor of 298350306?
True
Is 4 a factor of 118356310?
False
Is 316 a factor of 96175548?
True
Is 500953983 a multiple of 20?
False
Is 149 a factor of 18196774?
True
Does 22 divide 884657?
False
Does 90 divide 95941865?
False
Is 59 a factor of 32487111?
True
Is 27480860 a multiple of 8?
False
Does 90 divide 161086860?
True
Is 578917448 a multiple of 1108?
False
Is 226992195 a multiple of 9?
True
Is 13 a factor of 93719093?
True
Is 117176 a multiple of 2?
True
Is 385791120 a multiple of 27?
True
Is 3288098 a multiple of 11?
True
Is 5 a factor of 58367912?
False
Is 82216252 a multiple of 17?
False
Is 801691183 a multiple of 127?
True
Is 3475874740 a multiple of 340?
True
Is 146 a factor of 50282891?
False
Does 1966 divide 649190894?
True
Is 900 a factor of 4583514?
False
Does 135 divide 112904896?
False
Does 467 divide 38271735?
False
Is 307322794 a multiple of 7?
False
Does 731 divide 1854855877?
False
Does 21 divide 757037652?
True
Is 1632 a factor of 10748352?
True
Does 262 divide 23369614?
True
Is 138544725 a multiple of 75?
True
Does 928 divide 19296832?
True
Is 301 a factor of 37375772?
True
Does 26 divide 15368854?
False
Is 477656960 a multiple of 1672?
True
Does 6 divide 261656621?
False
Does 6 divide 322217671?
False
Is 48307876 a multiple of 1530?
False
Is 433 a factor of 2698842669?
True
Is 268 a factor of 606021432?
True
Does 1979 divide 28004829?
True
Is 54932830 a multiple of 16?
False
Is 175072506 a multiple of 1115?
False
Is 119778680 a multiple of 217?
False
Is 3574829 a multiple of 2923?
True
Is 21950772 a multiple of 12?
True
Is 4 a factor of 93135550?
False
Does 4636 divide 34116324?
True
Is 21 a factor of 82863508?
False
Is 468487800 a multiple of 15?
True
Is 62 a factor of 11170506?
False
Does 8 divide 3696091?
False
Does 9 divide 348527853?
True
Does 2467 divide 53297544?
False
Does 11 divide 7415760?
True
Is 208 a factor of 253811584?
True
Is 523 a factor of 66544951?
True
Does 63 divide 71512042?
False
Is 2828936816 a multiple of 11?
False
Is 13082982 a multiple of 2?
True
Is 661745792 a multiple of 1094?
False
Is 1336 a factor of 62820056?
True
Is 4732 a factor of 57581183?
False
Is 332 a factor of 401822962?
False
Does 47 divide 432977835?
False
Is 91 a factor of 719244672?
False
Does 291 divide 243249519?
True
Is 1007 a factor of 32252615?
False
Is 609 a factor of 1133784435?
True
Is 111210768 a multiple of 46?
False
Is 82 a factor of 9823928?
True
Is 24 a factor of 58251144?
True
Is 9512784 a multiple of 124?
True
Does 9 divide 169401663?
True
Is 345 a factor of 1706629162?
False
Does 4 divide 7474401?
False
Is 5367179 a multiple of 248?
False
Is 14 a factor of 550729242?
True
Does 1647 divide 1111959382?
False
Is 17 a factor of 93425475?
False
Does 4151 divide 243651882?
False
Does 1714 divide 42270668?
True
Is 1644232440 a multiple of 979?
False
Does 186 divide 12235341?
False
Does 283 divide 113838448?
True
Is 95 a factor of 7016950230?
True
Does 1854 divide 180583308?
True
Is 50064935 a multiple of 1345?
True
Is 905 a factor of 67352553?
False
Is 1283 a factor of 3788365420?
True
Is 150069501 a multiple of 48?
False
Is 15 a factor of 33359319?
False
Does 287 divide 785101514?
False
Is 118700502 a multiple of 47?
False
Is 60623346 a multiple of 42?
True
Is 3757 a factor of 2069881580?
True
Does 444 divide 921904284?
True
Is 21 a factor of 33225171?
True
Is 5046 a factor of 671567401?
False
Does 19 divide 58469651?
False
Is 38 a factor of 9397276?
False
Is 125 a factor of 3104375?
True
Is 23735853 a mu